z. Let c = 59 - f. What is the tens digit of c?
3
Let l(y) = -y**3 - 11*y**2 - 14*y + 4. Let i = 27 + -37. What is the tens digit of l(i)?
4
Suppose c - 20 - 16 = o, -3*c = 5*o - 100. What is the units digit of c?
5
Let j = -4 - 9. Let f = 21 + j. Let z(v) = -v + 10. What is the units digit of z(f)?
2
Let l(y) = 16 + 52*y**2 + 6*y - 27*y**2 - 24*y**2. What is the tens digit of l(-8)?
3
Suppose 2*r + 10 = 0, 3*n = 3*r + 217 + 221. What is the tens digit of n?
4
Suppose 0*z = -i - 2*z, 3*i + 25 = -z. What is the units digit of 2/(-10) - 82/i?
8
What is the units digit of (-2)/(-14) - (-4020)/84?
8
What is the tens digit of -33*(-2)/((-8)/(-4))?
3
Let o(i) = -i**2 - 5*i - 1. Let b be o(-5). Let s be b/((2/8)/1). What is the units digit of (3 + 3)*s/(-6)?
4
Let r(x) = 6 - 4 - 1 - 12*x + 2. Let b be r(4). Let a = -31 - b. What is the units digit of a?
4
Let g(t) be the first derivative of 0*t + 2 + 5/4*t**4 + 0*t**2 + 0*t**3. What is the units digit of g(1)?
5
Let i(u) = -3 + 0 + u + u**2 + 4. Suppose -4*r - 2 = 6. What is the units digit of i(r)?
3
Let r = 355 + -160. What is the tens digit of r?
9
Suppose -700 = -9*y + 2*y. What is the tens digit of y?
0
Let x = 86 - 27. What is the tens digit of x?
5
Let f(v) = v**2 + 16 - v**3 + v**3 - v - 1 + v**3. What is the units digit of f(0)?
5
Let h(f) = f + 2. Let v be h(0). Let m(r) = -r + 6*r + 2 - 1 - r**v. What is the units digit of m(3)?
7
Let b = -1 + 0. Let t(s) = -38*s**3 + s**2 + 2*s + 2. What is the units digit of t(b)?
9
Let o(h) = h - 2. Let v be o(-4). Let z be (v/2)/(-3) - -6. Let j(f) = f**2 - 5*f - 3. What is the units digit of j(z)?
1
Let r(u) be the third derivative of u**5/30 + u**3/6 + 2*u**2. What is the tens digit of r(3)?
1
Suppose 0 = 4*y - 3*v - 12, 2*v - 5 = -5*y + 10. What is the units digit of y?
3
Let i(d) = -2*d**3 + 2*d**2 - 1. Let j be i(2). Let u = 13 + j. Suppose -11 = -u*q + 5. What is the units digit of q?
4
Let q(a) = -4*a + 7. Let s be q(3). What is the units digit of ((-1)/1)/(s/15)?
3
Let x(b) = -5*b + 8. What is the tens digit of x(-8)?
4
Let r = 2 + 1. Suppose -c = 2*c - r. Suppose -2*t + c = -1. What is the units digit of t?
1
Let v be 180/8*24/10. Suppose -j + 4*j = -v. What is the units digit of 4/(-8)*j*1?
9
Suppose 0 = x - 0*x - 21. Let o = 3 + x. What is the tens digit of o?
2
Suppose 0 = 8*z - 10*z + 88. What is the tens digit of z?
4
Let g = -10 - -15. Let y be (-46)/10 - 2/g. Let m = -1 - y. What is the units digit of m?
4
Suppose 0*q - 6 = q. Let m(s) = s**2 + 7*s + 7. Let j be m(q). Suppose -3 = -2*v + j. What is the units digit of v?
2
Let x = -16 - -17. Let p(v) = 3*v**3 - v. What is the units digit of p(x)?
2
Let l(q) = q**2 - 2*q - 35. What is the hundreds digit of l(16)?
1
Let m(o) = 4*o**2 - 4*o - 7. What is the units digit of m(4)?
1
Let m be (2/8)/((-3)/(-12)). What is the units digit of 1/((2/12)/m)?
6
Suppose 2*o - 282 = -62. What is the tens digit of o?
1
Let r = -4 + 8. Let u = r + -6. Let v = 4 - u. What is the units digit of v?
6
Let m be 2/(-7) - (-150)/35. Suppose 2*k = m*k - 4. What is the units digit of k?
2
Let s = -128 - -208. What is the units digit of s?
0
Suppose 0 = -2*r + 8, -4*r + 20 = 2*l - 46. What is the tens digit of l?
2
Let p(q) = q**2 + 5*q - 3. Let w be p(-7). Suppose w = 3*k + 2. What is the units digit of k?
3
Suppose 3*j - 5*o - 155 = -0*j, -2*o - 152 = -3*j. Let f = j + -11. What is the tens digit of f?
3
Let d(o) = o**2 + o - 1. Let a be d(-2). Let j be a/(-4) + 3/12. Suppose j = -0*n - 4*n + 60. What is the tens digit of n?
1
Let d = -8 + -30. Let n = -27 - d. What is the tens digit of n?
1
Let s be (-1)/(-1) - -2*2. Suppose 3*v = 15, -5*z = -3*z + s*v - 33. Suppose -3*i - 6 = z*g - 26, -5*i + 10 = -5*g. What is the units digit of i?
4
Suppose v + 90 = 426. What is the units digit of v?
6
Suppose -4*h = -65 + 1. Suppose -h = -4*q + 3*q. What is the units digit of q?
6
Suppose 3*n = 2*b + 7*n - 54, -4*b = -4*n - 72. Suppose -2*z - 3 + b = 2*g, -81 = -5*g + 4*z. What is the tens digit of g?
1
Let t = 7 + 3. What is the tens digit of t?
1
Suppose -4*d + 433 - 120 = 5*i, 4*d + i - 325 = 0. What is the units digit of d?
2
What is the units digit of (-4)/(-6) + ((-804)/(-9) - 1)?
9
Let k(n) = -n**3 - 3*n**2 + 2*n + 3. Let l be k(-3). What is the units digit of (-2 - -2) + (-21)/l?
7
Let p(c) = -14*c**3 - c**2 + 2*c. Let q be p(-2). Suppose v = 3*b - q, 4*b + 2*v - 75 = 77. What is the units digit of b?
6
Let l(a) = -a**3 - 11*a + 11 + 2*a**2 + 6*a**2 + 3*a**2. Suppose 2*j = -5*g + 44, 5*j + 5 = -2*g + g. What is the units digit of l(g)?
1
Suppose 13 = -p - 4*z, 3*p + 26 = -2*z + 3*z. Let b(t) = -2*t - 2. What is the units digit of b(p)?
6
Let s(a) = a**3 - 3*a**2 - 5*a + 5. Let t be s(5). Suppose 4*q - 29 = -9, 3*u - t = 3*q. What is the tens digit of u?
1
Suppose 5*p - 24 + 9 = 0. Let f(n) = n + 3 - 1 + p. What is the units digit of f(5)?
0
Let z(m) = m**2 + m + 16. Let t be z(0). Let a = t + -2. Let q = a - 6. What is the units digit of q?
8
Let d(h) = h**2 + h - 3. Let p be d(-4). Let g = p - -10. What is the tens digit of g?
1
Let t(l) = -4*l - 3. Let v be t(-8). Suppose 2*z - 49 = v. What is the tens digit of z?
3
Let q(s) = s**3 - 4*s**2 + s - 2. Let g be q(4). Suppose g*j - 82 = -5*t, 7 = 3*t - 2*j - 55. What is the units digit of t?
8
Let r(c) = 24*c**3 + 2*c**2 - 3*c. What is the hundreds digit of r(2)?
1
Let t = 44 + -2. Suppose 0*r = -2*r - 4*s + t, 15 = 2*r - 5*s. What is the tens digit of r?
1
Let z = 97 - 0. What is the units digit of z?
7
Suppose -3*d = -d. What is the units digit of -1 - -4 - (-1 - d)?
4
Let z(w) = -w**2 + 5*w + 5. Let q be z(7). Let l be -2*6*6/q. What is the units digit of (-12)/(-7)*28/l?
6
Suppose -3*x = 3*k + 12, 7 = -2*x - x - 2*k. Suppose 4*y - r + 6 - x = 0, -20 = 4*y - 4*r. Suppose -a + 5 = -y. What is the units digit of a?
5
Let g(h) = h**3 - 11*h**2 + 10*h - 9. Let p be g(10). Let n = p - -13. Suppose 7 = n*v - 13. What is the units digit of v?
5
Let l(z) = z**2 + 7*z + 6. Let i be l(-4). Let s be (2/i)/((-2)/18). Suppose -2*d + 10 + s = m, 5*m = -5*d + 65. What is the tens digit of m?
1
Let t = -28 - -5. Let k = t - -32. What is the units digit of k?
9
Suppose 0 = -4*w - 3*z + 27, -4*w + 4*z + 14 + 6 = 0. Suppose w - 3 = s. Let o(m) = -m**2 + 5*m - 1. What is the units digit of o(s)?
5
Suppose 3*a - 8 = -a. Suppose -2*g + 2*c - 18 = -2*c, -5*g = a*c + 21. Let z = g + 8. What is the units digit of z?
3
Suppose -v = v - 10. Suppose -3*z - v = -4*z. Suppose -4*l = -15 - z. What is the units digit of l?
5
Let x(c) = -c**2 - 13*c + 9. What is the units digit of x(-12)?
1
Let j = -10 - -14. Suppose s = j - 27. Let v = -15 - s. What is the units digit of v?
8
Let w(i) = i**3 - 8*i**2 + i - 7. Let f(a) = 3*a**3 - 17*a**2 + a - 15. Let c(z) = -2*f(z) + 5*w(z). What is the units digit of c(-7)?
3
Suppose n = 25 - 1. Suppose u + u + n = 0. What is the units digit of (1/3)/((-1)/u)?
4
Let m be (-80)/30*6/(-4). Suppose -m*n + 72 = -0*n. What is the tens digit of n?
1
Suppose -2*d = -0*d - 16. Let n be (-5)/(-4) - 2/d. What is the units digit of (-4 + 2 - n)*-1?
3
Let d(m) = -4*m + 5. Let z = -9 - -5. What is the tens digit of d(z)?
2
What is the units digit of -3*(-35)/3 - 4?
1
Let c(j) = -j**3 + 10*j**2 - 11*j + 8. Let b be c(9). What is the units digit of ((-6)/(-10))/(b/(-250))?
5
Suppose -4*f + 138 = 2*f. What is the tens digit of f?
2
Suppose 3*t = -5*v + 9, -4*v = -4*t + 6*t - 6. Suppose v = -6*l + l + 25. What is the units digit of l?
5
Let b(d) = 2*d + 2. Let k be b(-9). What is the units digit of (k/6)/(3/(-27))?
4
Suppose -5*p + 8 = -2. What is the units digit of p?
2
Let t(i) = -2*i - 12. What is the units digit of t(-8)?
4
Let x be ((-1)/1)/(8/168). Let r = x - -35. What is the tens digit of r?
1
Suppose -4*u + 0*u + 832 = 0. What is the tens digit of u?
0
Let d be 9/6 + 6/4. What is the tens digit of 20 + (-3 + 3)/d?
2
Let w = -13 + 97. What is the units digit of w?
4
Suppose -8*o = -9*o + 11. Suppose o*y = 14*y - 6. What is the units digit of y?
2
Let l(f) = -19*f - 2. What is the units digit of l(-1)?
7
Let x = 32 + -5. Suppose x = 6*g - 3*g. What is the units digit of g?
9
What is the hundreds digit of 5 - 5/(30/(-1008))?
1
Let i(a) = 45*a. Let p be i(1). Suppose 2*